 10?
-1171753
Convert -27dc9 (base 15) to base 6.
-2424313
What is -11650831 (base 9) in base 11?
-3245155
Convert 11001010011110101 (base 2) to base 8.
312365
What is 9d691 (base 16) in base 3?
1012202102202
4103774 (base 9) to base 4
20112011302
What is -54078 (base 13) in base 8?
-450214
8302863 (base 11) to base 15
1448795
What is -1011515 (base 7) in base 12?
-599a2
14006510 (base 7) to base 11
806050
What is -120210000 (base 3) in base 11?
-8707
Convert 187c1cc (base 14) to base 11.
6938792
-248545 (base 11) to base 16
-5fb20
What is 83954 (base 11) in base 15?
26364
1a1b93 (base 12) to base 7
3622662
-25307 (base 11) to base 6
-440031
What is 5443511 (base 7) in base 3?
1020212001222
-22dda (base 14) to base 4
-110301010
What is -4fe1b (base 16) in base 14?
-87351
-8310197 (base 10) to base 13
-194c69c
Convert -1045217 (base 8) to base 11.
-182325
Convert 128118 (base 10) to base 12.
62186
-a003 (base 16) to base 4
-22000003
13a980 (base 15) to base 6
32144533
Convert 38f30 (base 16) to base 3.
102211222102
What is -47a151 (base 11) in base 15?
-100388
-c4c35 (base 16) to base 14
-16d9d3
1101100011110010 (base 2) to base 14
16350
-46c9 (base 14) to base 9
-17818
What is -1a4905 (base 13) in base 16?
-a2e51
Convert -24502020 (base 7) to base 4.
-20121230301
Convert -4b155 (base 13) to base 6.
-2545522
-419179 (base 13) to base 4
-11312131033
Convert -141141003 (base 5) to base 9.
-1323743
What is 4d6cc (base 15) in base 7?
2051535
20435545 (base 6) to base 4
2101202321
10002121100 (base 3) to base 12
2b330
Convert -2377371 (base 8) to base 7.
-5365622
Convert 378823 (base 9) to base 2.
111000000011000111
Convert -13102122 (base 4) to base 10.
-29850
Convert -16c912 (base 13) to base 9.
-1058584
Convert -7964174 (base 10) to base 3.
-112222121210102
Convert 14204 (base 16) to base 2.
10100001000000100
What is -3a499 (base 13) in base 7?
-631124
Convert 804a73 (base 11) to base 12.
525526
Convert 4634816 (base 9) to base 6.
125353240
-10100101110111111010101 (base 2) to base 12
-19a1559
What is -1100 (base 12) in base 7?
-5313
-3265626 (base 7) to base 6
-12345420
What is 12046017 (base 8) in base 2?
1010000100110000001111
Convert 3010012121 (base 4) to base 12.
3289b5
-856a02 (base 11) to base 10
-1370811
Convert 23255206 (base 7) to base 16.
1f3def
-26057633 (base 8) to base 16
-585f9b
What is -4342322233 (base 5) in base 13?
-1c1ca9b
What is -742512 (base 8) in base 10?
-247114
What is -c1554a (base 14) in base 6?
-351245154
-12902780 (base 10) to base 3
-220021112021202
Convert 19e07 (base 16) to base 5.
11342431
Convert -151332430 (base 6) to base 16.
-301f62
Convert 30167c (base 14) to base 5.
403230002
Convert -140345 (base 10) to base 16.
-22439
-233075 (base 9) to base 6
-3000152
What is -4950a (base 14) in base 8?
-536226
What is 4a90b6 (base 13) in base 14?
348836
Convert -1c66 (base 16) to base 8.
-16146
Convert 224674 (base 11) to base 15.
70de5
Convert -1457188 (base 13) to base 4.
-120223230232
What is -1a204a6 (base 12) in base 10?
-5516478
Convert -13665b (base 15) to base 7.
-10633634
-b1d49c (base 16) to base 8
-54352234
443774 (base 8) to base 7
1161601
What is 191a48 (base 13) in base 6?
21315133
-503652 (base 8) to base 15
-341d7
2000122022011 (base 3) to base 12
43a487
Convert -178b57 (base 13) to base 11.
-373905
ee40 (base 16) to base 9
102588
Convert -113324204 (base 6) to base 12.
-866664
-2236622 (base 8) to base 16
-93d92
-5a2dc (base 15) to base 5
-33200112
172731 (base 10) to base 13
60810
551555 (base 6) to base 3
2022210222
1881c3 (base 13) to base 6
21123353
Convert 293a467 (base 11) to base 13.
107a9b1
What is 220100102200220 (base 3) in base 5?
11303042020
Convert 1030316 (base 7) to base 11.
85a18
What is -301552 (base 8) in base 15?
-1e5bd
What is 4300527 (base 9) in base 2?
1000110010010101101101
d8916 (base 14) to base 3
222120121201
Convert 67126a (base 14) to base 8.
15262116
Convert 23021033210 (base 4) to base 8.
13111744
Convert -51a35 (base 12) to base 6.
-2142505
Convert -200021220 (base 4) to base 9.
-220570
Convert 20b1387 (base 13) to base 14.
1477860
12051414 (base 7) to base 9
2012610
What is -357580 (base 12) in base 13?
-242b05
-111c324 (base 13) to base 6
-304334020
Convert 135531540 (base 6) to base 16.
2aa974
What is -106353365 (base 7) in base 10?
-6534344
100101010100001 (base 2) to base 11
13399
What is -db198 (base 14) in base 10?
-529922
What is 23000 (base 7) in base 13?
2867
What is 72202631 (base 8) in base 10?
15271321
6354 (base 11) to base 10
8408
-51acd (base 15) to base 9
-434174
-3c94d1 (base 16) to base 15
-53658c
313024 (base 8) to base 12
501b0
13133531 (base 7) to base 4
10211122010
3b1439 (base 15) to base 5
1211324304
968ff8 (base 16) to base 11
562a463
Convert -1211233222 (base 4) to base 15.
-83731
-7740627 (base 8) to base 9
-3821746
-107799 (base 12) to base 4
-333332211
What is -1001002102000 (base 3) in base 2?
-10000110111110101111
Convert -1460501 (base 9) to base 15.
-10e374
What is 1213554 (base 6) in base 4?
33231232
Convert 101101011111111110100100 (base 2) to base 7.
203244636
-20040a7 (base 12) to base 15
-7d1857
What is 11244652 (base 7) in base 4?
3300300001
713834 (base 11) to base 3
2011021101100
What is 10001001010110100 (base 2) in base 14?
1b8b2
What is -2355105 (base 9) in base 4?
-10313222111
Convert -158950 (base 13) to base 8.
-2021414
What is 1621200 (base 7) in base 4?
312213312
What is -501053 (base 6) in base 2?
-1001100011011001
Convert -110100110101001110 (base 2) to base 6.
-4345502
What is -1011200311 (base 4) in base 5?
-33102400
What is 3716861 (base 12) in base 9?
22166611
What is 1315220001 (base 6) in base 10?
15647905
13331302 (base 4) to base 14
bc66
Convert 21321321 (base 4) to base 10.
40569
Convert -6dd25c (base 15) to base 13.
-1121811
236691 (base 12) to base 14
10c24d
121371 (base 8) to base 16
a2f9
-483b53 (base 16) to base 14
-8b31d1
327522 (base 9) to base 10
195797
What is -21621162 (base 7) in base 12?
-762793
1332331102 (base 4) to base 10
520018
Convert -41712 (base 9) to base 16.
-6b9f
Convert -30806652 (base 9) to base 13.
-30c1505
204370 (base 8) to base 9
113038
Convert 457562 (base 8) to base 10.
155506
Convert -212388 (base 9) to base 3.
-20102102222
1140314 (base 5) to base 16
5356
Convert -252a9 (base 16) to base 9.
-251737
Convert -7c5a32 (base 14) to base 5.
-2041211414
Convert -56708 (base 10) to base 15.
-11c08
What is -31678 (base 10) in base 14?
-b78a
What is 1752729 (base 12) in base 14?
8dc557
What is 15772026 (base 8) in base 12?
128a106
What is 90015 (base 11) in base 3?
20200202221
Convert -202115 (base 9) to base 3.
-20002010112
What is 9114 (base 12) in base 8?
36540
What is 651470 (base 9) in base 12?
1687b3
Convert 65946a (base 11) to base 12.
4289aa
49145a (base 12) to base 2
100100001001001000110
-687d4 (base 16) to base 3
-210202002102
What is -1000331 (base 4) in base 5?
-113112
Convert 101131301 (base 4) to base 11.
49824
Convert 34906 (base 14) to base 6.
2424322
What is -15931b3 (base 14) in base 2?
-101000010101010010111001
Convert -213510432 (base 7) to base 8.
-60631653
-312ccf (base 16) to base 9
-6051676
What is 14040333 (base 5) in base 12?
6aa6a
Convert 51204330 (base 6) to base 7.
15301644
-16345406 (base 9) to base 3
-120101112110020
What is 7657e2 (base 15) in base 7?
65631266
Convert 47737 (base 8) to base 16.
4fdf
What is 99380 (base 10) in base 15?
1e6a5
What is -161faf (base 16) in base 12?
-59b093
What is -11418 (base 15) in base 16?
-d68b
What is 252443000 (base 7) in base 16?
f3899c
-10430112 (base 6) to base 10
-314972
What is -42364 (base 11) in base 2?
-1111000011011011
-6a5620 (base 13) to base 3
-11202022012002
Convert -bb18a (base 13) to base 7.
-2610143
Convert -10132202 (base 4) to base 5.
-1041323
-2c202c (base 14) to base 10
-1542168
What is -59c787 (base 14) in base 13?
-836059
-103033311 (base 5) to base 8
-1533027
What is -aa3ca (base 15) in base 16?
-840c1
-101210111102 (base 3) to base 10
-212501
What is 333869 (base 14) in base 2?
110101000011101110101
What is 459094 (base 12) in base 13?
300490
What is 1203232333 (base 5) in base 9?
5221686
1bbbb3 (base 12) to base 15
9c6c0
-202110000120 (base 3) to base 15
-7e383
Convert 53005040 (base 6) to b